{"id":131,"date":"2014-12-13T10:31:59","date_gmt":"2014-12-13T09:31:59","guid":{"rendered":"http:\/\/www.petruschor.de\/?page_id=131"},"modified":"2026-04-23T15:18:42","modified_gmt":"2026-04-23T14:18:42","slug":"interna","status":"publish","type":"page","link":"https:\/\/www.petruschor.de\/?page_id=131","title":{"rendered":"Proben"},"content":{"rendered":"\n<p>Unsere Proben finden normalerweise immer dienstags von 19:30 &#8211; 21:15 Uhr im Petrussaal unter der Petruskirche Neu-Ulm statt.<\/p>\n\n\n\n<p>Im folgenden unsere gro\u00dfen Chorprojekte f\u00fcr das Jahr 2026.<\/p>\n\n\n\n<p><strong>Termine H\u00e4ndel Messias &#8211; Passions- und Osterteil (2. Teil) <\/strong><\/p>\n\n\n\n<ul class=\"wp-block-list\">\n<li>Dienstag 3. Februar &#8211; alle<\/li>\n\n\n\n<li>Dienstag 10. Februar &#8211; M\u00e4nner<\/li>\n\n\n\n<li>Dienstag 24. Februar &#8211; Frauen<\/li>\n\n\n\n<li>Samstag 28. Februar\n<ul class=\"wp-block-list\">\n<li>10:00 &#8211; 12:30 M\u00e4nner<\/li>\n\n\n\n<li>13:00 &#8211; 15:30 Frauen<\/li>\n<\/ul>\n<\/li>\n\n\n\n<li>Dienstag 3. M\u00e4rz &#8211; alle<\/li>\n\n\n\n<li>Dienstag 10. M\u00e4rz &#8211; alle<\/li>\n\n\n\n<li>Samstag 14. M\u00e4rz\n<ul class=\"wp-block-list\">\n<li>10:00 &#8211; 12:30 M\u00e4nner<\/li>\n\n\n\n<li>13:00 &#8211; 15:30 Frauen<\/li>\n<\/ul>\n<\/li>\n\n\n\n<li>Dienstag 17. M\u00e4rz &#8211; M\u00e4nner<\/li>\n\n\n\n<li>Dienstag 24. M\u00e4rz &#8211; Frauen<\/li>\n\n\n\n<li>Dienstag 14. April &#8211; alle<\/li>\n\n\n\n<li>Dienstag 21. April &#8211; alle<\/li>\n\n\n\n<li>Dienstag 28. April &#8211; alle<\/li>\n\n\n\n<li>Dienstag 5. Mai &#8211; alle<\/li>\n\n\n\n<li>Dienstag 12. Mai &#8211; alle<\/li>\n\n\n\n<li>Generalprobe Samstag 16. Mai<\/li>\n\n\n\n<li>Auff\u00fchrung Sonntag 17. Mai<\/li>\n<\/ul>\n\n\n\n<p><strong>Termine Verdi Requiem<\/strong><\/p>\n\n\n\n<ul class=\"wp-block-list\">\n<li>Dienstag 23. Juni &#8211; alle<\/li>\n\n\n\n<li>Dienstag 30. Juni &#8211; alle<\/li>\n\n\n\n<li>Dienstag 7. Juli &#8211; alle<\/li>\n\n\n\n<li>Dienstag 14. Juli &#8211; alle<\/li>\n\n\n\n<li>Dienstag 21. Juli &#8211; M\u00e4nner<\/li>\n\n\n\n<li>Dienstag 28. Juli &#8211; M\u00e4nner<\/li>\n\n\n\n<li>Dienstag 4. August &#8211; alle<\/li>\n\n\n\n<li>Sommerpause<\/li>\n\n\n\n<li>Dienstag 15. September &#8211; alle<\/li>\n\n\n\n<li>Dienstag 22. September &#8211; M\u00e4nner<\/li>\n\n\n\n<li>evtl. Samstag 26. September\n<ul class=\"wp-block-list\">\n<li>10:00 &#8211; 12:30 M\u00e4nner<\/li>\n\n\n\n<li>13:00 &#8211; 15:30 Frauen<\/li>\n<\/ul>\n<\/li>\n\n\n\n<li>Dienstag 29. September &#8211; Frauen<\/li>\n\n\n\n<li>Dienstag 6. Oktober &#8211; alle<\/li>\n\n\n\n<li>Dienstag 13. Oktober &#8211; M\u00e4nner<\/li>\n\n\n\n<li>Dienstag 20. Oktober &#8211; Frauen<\/li>\n\n\n\n<li>evtl. Samstag 24. Oktober\n<ul class=\"wp-block-list\">\n<li>10:00 &#8211; 12:30 M\u00e4nner<\/li>\n\n\n\n<li>13:00 &#8211; 15:30 Frauen<\/li>\n<\/ul>\n<\/li>\n\n\n\n<li>Dienstag 27. Oktober &#8211; alle<\/li>\n\n\n\n<li>Dienstag 3. November &#8211; alle<\/li>\n\n\n\n<li>Dienstag 10. November &#8211; alle<\/li>\n\n\n\n<li>Generalprobe Samstag 14. November<\/li>\n\n\n\n<li>Auff\u00fchrung Sonntag 15. November<\/li>\n<\/ul>\n","protected":false},"excerpt":{"rendered":"<p>Unsere Proben finden normalerweise immer dienstags von 19:30 &#8211; 21:15 Uhr im Petrussaal unter der Petruskirche Neu-Ulm statt. Im folgenden unsere gro\u00dfen Chorprojekte f\u00fcr das Jahr 2026. Termine H\u00e4ndel Messias &#8211; Passions- und Osterteil (2. Teil) Termine Verdi Requiem<\/p>\n","protected":false},"author":1,"featured_media":0,"parent":0,"menu_order":0,"comment_status":"closed","ping_status":"open","template":"","meta":{"footnotes":""},"class_list":["post-131","page","type-page","status-publish","hentry","no-featured-image"],"_links":{"self":[{"href":"https:\/\/www.petruschor.de\/index.php?rest_route=\/wp\/v2\/pages\/131","targetHints":{"allow":["GET"]}}],"collection":[{"href":"https:\/\/www.petruschor.de\/index.php?rest_route=\/wp\/v2\/pages"}],"about":[{"href":"https:\/\/www.petruschor.de\/index.php?rest_route=\/wp\/v2\/types\/page"}],"author":[{"embeddable":true,"href":"https:\/\/www.petruschor.de\/index.php?rest_route=\/wp\/v2\/users\/1"}],"replies":[{"embeddable":true,"href":"https:\/\/www.petruschor.de\/index.php?rest_route=%2Fwp%2Fv2%2Fcomments&post=131"}],"version-history":[{"count":73,"href":"https:\/\/www.petruschor.de\/index.php?rest_route=\/wp\/v2\/pages\/131\/revisions"}],"predecessor-version":[{"id":1375,"href":"https:\/\/www.petruschor.de\/index.php?rest_route=\/wp\/v2\/pages\/131\/revisions\/1375"}],"wp:attachment":[{"href":"https:\/\/www.petruschor.de\/index.php?rest_route=%2Fwp%2Fv2%2Fmedia&parent=131"}],"curies":[{"name":"wp","href":"https:\/\/api.w.org\/{rel}","templated":true}]}}

<p>Unsere Proben finden normalerweise immer dienstags von 19:30 &#8211; 21:15 Uhr im Petrussaal unter der Petruskirche Neu-Ulm statt.</p>



<p>Im folgenden unsere großen Chorprojekte für das Jahr 2026.</p>



<p><strong>Termine Händel Messias &#8211; Passions- und Osterteil (2. Teil) </strong></p>



<ul class="wp-block-list">
<li>Dienstag 3. Februar &#8211; alle</li>



<li>Dienstag 10. Februar &#8211; Männer</li>



<li>Dienstag 24. Februar &#8211; Frauen</li>



<li>Samstag 28. Februar
<ul class="wp-block-list">
<li>10:00 &#8211; 12:30 Männer</li>



<li>13:00 &#8211; 15:30 Frauen</li>
</ul>
</li>



<li>Dienstag 3. März &#8211; alle</li>



<li>Dienstag 10. März &#8211; alle</li>



<li>Samstag 14. März
<ul class="wp-block-list">
<li>10:00 &#8211; 12:30 Männer</li>



<li>13:00 &#8211; 15:30 Frauen</li>
</ul>
</li>



<li>Dienstag 17. März &#8211; Männer</li>



<li>Dienstag 24. März &#8211; Frauen</li>



<li>Dienstag 14. April &#8211; alle</li>



<li>Dienstag 21. April &#8211; alle</li>



<li>Dienstag 28. April &#8211; alle</li>



<li>Dienstag 5. Mai &#8211; alle</li>



<li>Dienstag 12. Mai &#8211; alle</li>



<li>Generalprobe Samstag 16. Mai</li>



<li>Aufführung Sonntag 17. Mai</li>
</ul>



<p><strong>Termine Verdi Requiem</strong></p>



<ul class="wp-block-list">
<li>Dienstag 23. Juni &#8211; alle</li>



<li>Dienstag 30. Juni &#8211; alle</li>



<li>Dienstag 7. Juli &#8211; alle</li>



<li>Dienstag 14. Juli &#8211; alle</li>



<li>Dienstag 21. Juli &#8211; Männer</li>



<li>Dienstag 28. Juli &#8211; Männer</li>



<li>Dienstag 4. August &#8211; alle</li>



<li>Sommerpause</li>



<li>Dienstag 15. September &#8211; alle</li>



<li>Dienstag 22. September &#8211; Männer</li>



<li>evtl. Samstag 26. September
<ul class="wp-block-list">
<li>10:00 &#8211; 12:30 Männer</li>



<li>13:00 &#8211; 15:30 Frauen</li>
</ul>
</li>



<li>Dienstag 29. September &#8211; Frauen</li>



<li>Dienstag 6. Oktober &#8211; alle</li>



<li>Dienstag 13. Oktober &#8211; Männer</li>



<li>Dienstag 20. Oktober &#8211; Frauen</li>



<li>evtl. Samstag 24. Oktober
<ul class="wp-block-list">
<li>10:00 &#8211; 12:30 Männer</li>



<li>13:00 &#8211; 15:30 Frauen</li>
</ul>
</li>



<li>Dienstag 27. Oktober &#8211; alle</li>



<li>Dienstag 3. November &#8211; alle</li>



<li>Dienstag 10. November &#8211; alle</li>



<li>Generalprobe Samstag 14. November</li>



<li>Aufführung Sonntag 15. November</li>
</ul>

<p>Unsere Proben finden normalerweise immer dienstags von 19:30 &#8211; 21:15 Uhr im Petrussaal unter der Petruskirche Neu-Ulm statt. Im folgenden unsere großen Chorprojekte für das Jahr 2026. Termine Händel Messias &#8211; Passions- und Osterteil (2. Teil) Termine Verdi Requiem</p>
